{"id":677,"date":"2020-08-12T22:48:23","date_gmt":"2020-08-12T19:48:23","guid":{"rendered":"https:\/\/www.gastgivars.ax\/?page_id=677"},"modified":"2024-01-05T07:56:29","modified_gmt":"2024-01-05T05:56:29","slug":"godsling","status":"publish","type":"page","link":"https:\/\/www.gastgivars.ax\/index.php\/godsling\/","title":{"rendered":"G\u00f6dsling"},"content":{"rendered":"\t\t<div data-elementor-type=\"wp-page\" data-elementor-id=\"677\" class=\"elementor elementor-677\">\n\t\t\t\t\t\t<section class=\"elementor-section elementor-top-section elementor-element elementor-element-70506e91 elementor-section-boxed elementor-section-height-default elementor-section-height-default\" data-id=\"70506e91\" data-element_type=\"section\" data-e-type=\"section\" data-settings=\"{&quot;background_background&quot;:&quot;classic&quot;}\">\n\t\t\t\t\t\t\t<div class=\"elementor-background-overlay\"><\/div>\n\t\t\t\t\t\t\t<div class=\"elementor-container elementor-column-gap-default\">\n\t\t\t\t\t<div class=\"elementor-column elementor-col-33 elementor-top-column elementor-element elementor-element-56b8e0fd\" data-id=\"56b8e0fd\" data-element_type=\"column\" data-e-type=\"column\">\n\t\t\t<div class=\"elementor-widget-wrap\">\n\t\t\t\t\t\t\t<\/div>\n\t\t<\/div>\n\t\t\t\t<div class=\"elementor-column elementor-col-33 elementor-top-column elementor-element elementor-element-7129f344\" data-id=\"7129f344\" data-element_type=\"column\" data-e-type=\"column\">\n\t\t\t<div class=\"elementor-widget-wrap elementor-element-populated\">\n\t\t\t\t\t\t<div class=\"elementor-element elementor-element-2572e154 elementor-widget elementor-widget-heading\" data-id=\"2572e154\" data-element_type=\"widget\" data-e-type=\"widget\" data-widget_type=\"heading.default\">\n\t\t\t\t<div class=\"elementor-widget-container\">\n\t\t\t\t\t<h1 class=\"elementor-heading-title elementor-size-default\">G\u00f6dsling<\/h1>\t\t\t\t<\/div>\n\t\t\t\t<\/div>\n\t\t\t\t\t<\/div>\n\t\t<\/div>\n\t\t\t\t<div class=\"elementor-column elementor-col-33 elementor-top-column elementor-element elementor-element-5ca38cac\" data-id=\"5ca38cac\" data-element_type=\"column\" data-e-type=\"column\">\n\t\t\t<div class=\"elementor-widget-wrap\">\n\t\t\t\t\t\t\t<\/div>\n\t\t<\/div>\n\t\t\t\t\t<\/div>\n\t\t<\/section>\n\t\t\t\t<section class=\"elementor-section elementor-top-section elementor-element elementor-element-78baa48e elementor-section-content-middle elementor-section-boxed elementor-section-height-default elementor-section-height-default\" data-id=\"78baa48e\" data-element_type=\"section\" data-e-type=\"section\" data-settings=\"{&quot;background_background&quot;:&quot;classic&quot;}\">\n\t\t\t\t\t\t\t<div class=\"elementor-background-overlay\"><\/div>\n\t\t\t\t\t\t\t<div class=\"elementor-container elementor-column-gap-no\">\n\t\t\t\t\t<div class=\"elementor-column elementor-col-100 elementor-top-column elementor-element elementor-element-26ace2ac\" data-id=\"26ace2ac\" data-element_type=\"column\" data-e-type=\"column\">\n\t\t\t<div class=\"elementor-widget-wrap elementor-element-populated\">\n\t\t\t\t\t\t<section class=\"elementor-section elementor-inner-section elementor-element elementor-element-20e107d elementor-section-boxed elementor-section-height-default elementor-section-height-default\" data-id=\"20e107d\" data-element_type=\"section\" data-e-type=\"section\">\n\t\t\t\t\t\t<div class=\"elementor-container elementor-column-gap-default\">\n\t\t\t\t\t<div class=\"elementor-column elementor-col-33 elementor-inner-column elementor-element elementor-element-423c5b03\" data-id=\"423c5b03\" data-element_type=\"column\" data-e-type=\"column\">\n\t\t\t<div class=\"elementor-widget-wrap elementor-element-populated\">\n\t\t\t\t\t\t<div class=\"elementor-element elementor-element-16a1c6c2 elementor-widget elementor-widget-heading\" data-id=\"16a1c6c2\" data-element_type=\"widget\" data-e-type=\"widget\" data-widget_type=\"heading.default\">\n\t\t\t\t<div class=\"elementor-widget-container\">\n\t\t\t\t\t<h6 class=\"elementor-heading-title elementor-size-default\">Tj\u00e4nster<\/h6>\t\t\t\t<\/div>\n\t\t\t\t<\/div>\n\t\t\t\t\t<\/div>\n\t\t<\/div>\n\t\t\t\t<div class=\"elementor-column elementor-col-33 elementor-inner-column elementor-element elementor-element-2b12080b\" data-id=\"2b12080b\" data-element_type=\"column\" data-e-type=\"column\">\n\t\t\t<div class=\"elementor-widget-wrap elementor-element-populated\">\n\t\t\t\t\t\t<div class=\"elementor-element elementor-element-6322387c elementor-widget-divider--view-line elementor-widget elementor-widget-divider\" data-id=\"6322387c\" data-element_type=\"widget\" data-e-type=\"widget\" data-widget_type=\"divider.default\">\n\t\t\t\t<div class=\"elementor-widget-container\">\n\t\t\t\t\t\t\t<div class=\"elementor-divider\">\n\t\t\t<span class=\"elementor-divider-separator\">\n\t\t\t\t\t\t<\/span>\n\t\t<\/div>\n\t\t\t\t\t\t<\/div>\n\t\t\t\t<\/div>\n\t\t\t\t\t<\/div>\n\t\t<\/div>\n\t\t\t\t<div class=\"elementor-column elementor-col-33 elementor-inner-column elementor-element elementor-element-436b916\" data-id=\"436b916\" data-element_type=\"column\" data-e-type=\"column\">\n\t\t\t<div class=\"elementor-widget-wrap\">\n\t\t\t\t\t\t\t<\/div>\n\t\t<\/div>\n\t\t\t\t\t<\/div>\n\t\t<\/section>\n\t\t\t\t<div class=\"elementor-element elementor-element-8eea797 elementor-widget elementor-widget-heading\" data-id=\"8eea797\" data-element_type=\"widget\" data-e-type=\"widget\" data-widget_type=\"heading.default\">\n\t\t\t\t<div class=\"elementor-widget-container\">\n\t\t\t\t\t<h2 class=\"elementor-heading-title elementor-size-default\">G\u00f6dselspridning<\/h2>\t\t\t\t<\/div>\n\t\t\t\t<\/div>\n\t\t\t\t<section class=\"elementor-section elementor-inner-section elementor-element elementor-element-18227ddd elementor-section-boxed elementor-section-height-default elementor-section-height-default\" data-id=\"18227ddd\" data-element_type=\"section\" data-e-type=\"section\">\n\t\t\t\t\t\t<div class=\"elementor-container elementor-column-gap-default\">\n\t\t\t\t\t<div class=\"elementor-column elementor-col-66 elementor-inner-column elementor-element elementor-element-4a4e751e\" data-id=\"4a4e751e\" data-element_type=\"column\" data-e-type=\"column\">\n\t\t\t<div class=\"elementor-widget-wrap elementor-element-populated\">\n\t\t\t\t\t\t<div class=\"elementor-element elementor-element-3b5bf36c elementor-widget elementor-widget-text-editor\" data-id=\"3b5bf36c\" data-element_type=\"widget\" data-e-type=\"widget\" data-widget_type=\"text-editor.default\">\n\t\t\t\t<div class=\"elementor-widget-container\">\n\t\t\t\t\t\t\t\t\t<p>F\u00f6r att garantera att tillv\u00e4xten i gr\u00f6dan blir j\u00e4mn och bra p\u00e5 hela f\u00e4ltet s\u00e5 beh\u00f6ver man anv\u00e4nda b\u00e5de sektionsavst\u00e4ngning och variabel giva vid spridning av konstg\u00f6dsel. Sektionsavst\u00e4ngningen anv\u00e4nder GPS f\u00f6r att minimera \u00f6verlapp och glapp i spridningen och en variabel giva anv\u00e4nder sk\u00f6rdekartering eller biomassa m\u00e4tning f\u00f6r att avg\u00f6ra vilka delar av f\u00e4ltet som beh\u00f6ver mer eller mindre g\u00f6dning.&nbsp;<\/p>\n<p>Vi anv\u00e4nder oss av at.farm tj\u00e4nsten fr\u00e5n Yara f\u00f6r att m\u00e4ta biomassa p\u00e5 f\u00e4ltet precis innan spridning. F\u00e4ltet delas in i 20 meters rutor och varje ruta f\u00e5r sin tilldelning och detta kontrolleras automatiskt av traktorns GPS system.<\/p>\t\t\t\t\t\t\t\t<\/div>\n\t\t\t\t<\/div>\n\t\t\t\t\t<\/div>\n\t\t<\/div>\n\t\t\t\t<div class=\"elementor-column elementor-col-33 elementor-inner-column elementor-element elementor-element-4f3f05c8\" data-id=\"4f3f05c8\" data-element_type=\"column\" data-e-type=\"column\">\n\t\t\t<div class=\"elementor-widget-wrap\">\n\t\t\t\t\t\t\t<\/div>\n\t\t<\/div>\n\t\t\t\t\t<\/div>\n\t\t<\/section>\n\t\t\t\t<div class=\"elementor-element elementor-element-40f112f elementor-widget elementor-widget-video\" data-id=\"40f112f\" data-element_type=\"widget\" data-e-type=\"widget\" data-settings=\"{&quot;youtube_url&quot;:&quot;https:\\\/\\\/www.youtube.com\\\/watch?v=4yTXFA3buEM&amp;t=26s&quot;,&quot;autoplay&quot;:&quot;yes&quot;,&quot;lazy_load&quot;:&quot;yes&quot;,&quot;video_type&quot;:&quot;youtube&quot;,&quot;controls&quot;:&quot;yes&quot;}\" data-widget_type=\"video.default\">\n\t\t\t\t<div class=\"elementor-widget-container\">\n\t\t\t\t\t\t\t<div class=\"elementor-wrapper elementor-open-inline\">\n\t\t\t<div class=\"elementor-video\"><\/div>\t\t<\/div>\n\t\t\t\t\t\t<\/div>\n\t\t\t\t<\/div>\n\t\t\t\t<div class=\"elementor-element elementor-element-cce2e23 elementor-widget-divider--view-line elementor-widget elementor-widget-divider\" data-id=\"cce2e23\" data-element_type=\"widget\" data-e-type=\"widget\" data-widget_type=\"divider.default\">\n\t\t\t\t<div class=\"elementor-widget-container\">\n\t\t\t\t\t\t\t<div class=\"elementor-divider\">\n\t\t\t<span class=\"elementor-divider-separator\">\n\t\t\t\t\t\t<\/span>\n\t\t<\/div>\n\t\t\t\t\t\t<\/div>\n\t\t\t\t<\/div>\n\t\t\t\t<div class=\"elementor-element elementor-element-67baea1c elementor-position-left elementor-vertical-align-top elementor-widget elementor-widget-image-box\" data-id=\"67baea1c\" data-element_type=\"widget\" data-e-type=\"widget\" data-widget_type=\"image-box.default\">\n\t\t\t\t<div class=\"elementor-widget-container\">\n\t\t\t\t\t<div class=\"elementor-image-box-wrapper\"><figure class=\"elementor-image-box-img\"><img fetchpriority=\"high\" decoding=\"async\" width=\"1864\" height=\"1209\" src=\"https:\/\/www.gastgivars.ax\/wp-content\/uploads\/2020\/08\/at.farm_.jpg\" class=\"attachment-full size-full wp-image-683\" alt=\"\" srcset=\"https:\/\/www.gastgivars.ax\/wp-content\/uploads\/2020\/08\/at.farm_.jpg 1864w, https:\/\/www.gastgivars.ax\/wp-content\/uploads\/2020\/08\/at.farm_-300x195.jpg 300w, https:\/\/www.gastgivars.ax\/wp-content\/uploads\/2020\/08\/at.farm_-1024x664.jpg 1024w, https:\/\/www.gastgivars.ax\/wp-content\/uploads\/2020\/08\/at.farm_-768x498.jpg 768w, https:\/\/www.gastgivars.ax\/wp-content\/uploads\/2020\/08\/at.farm_-1536x996.jpg 1536w\" sizes=\"(max-width: 1864px) 100vw, 1864px\" \/><\/figure><div class=\"elementor-image-box-content\"><h4 class=\"elementor-image-box-title\">Variabel giva<\/h4><p class=\"elementor-image-box-description\">Satellit bilder m\u00e4ter var 3:e dag biomassan p\u00e5 \u00e5kern och dessa kartor kan anv\u00e4ndas f\u00f6r att j\u00e4mna ut tillv\u00e4xten p\u00e5 \u00e5kern s\u00e5 att sk\u00f6rden sedan mognar j\u00e4mnt och tillv\u00e4xten blir j\u00e4mn \u00f6ver hela f\u00e4ltet.<\/p><\/div><\/div>\t\t\t\t<\/div>\n\t\t\t\t<\/div>\n\t\t\t\t<div class=\"elementor-element elementor-element-f5a11b2 elementor-position-left elementor-vertical-align-top elementor-widget elementor-widget-image-box\" data-id=\"f5a11b2\" data-element_type=\"widget\" data-e-type=\"widget\" data-widget_type=\"image-box.default\">\n\t\t\t\t<div class=\"elementor-widget-container\">\n\t\t\t\t\t<div class=\"elementor-image-box-wrapper\"><figure class=\"elementor-image-box-img\"><img decoding=\"async\" width=\"2560\" height=\"1920\" src=\"https:\/\/www.gastgivars.ax\/wp-content\/uploads\/2020\/08\/IMG_4404-scaled.jpg\" class=\"attachment-full size-full wp-image-614\" alt=\"\" srcset=\"https:\/\/www.gastgivars.ax\/wp-content\/uploads\/2020\/08\/IMG_4404-scaled.jpg 2560w, https:\/\/www.gastgivars.ax\/wp-content\/uploads\/2020\/08\/IMG_4404-300x225.jpg 300w, https:\/\/www.gastgivars.ax\/wp-content\/uploads\/2020\/08\/IMG_4404-1024x768.jpg 1024w, https:\/\/www.gastgivars.ax\/wp-content\/uploads\/2020\/08\/IMG_4404-768x576.jpg 768w, https:\/\/www.gastgivars.ax\/wp-content\/uploads\/2020\/08\/IMG_4404-1536x1152.jpg 1536w, https:\/\/www.gastgivars.ax\/wp-content\/uploads\/2020\/08\/IMG_4404-2048x1536.jpg 2048w\" sizes=\"(max-width: 2560px) 100vw, 2560px\" \/><\/figure><div class=\"elementor-image-box-content\"><h4 class=\"elementor-image-box-title\">Sektionsavst\u00e4ngning<\/h4><p class=\"elementor-image-box-description\">GPSen h\u00e5ller koll p\u00e5 vilka sektioner av spridningen (7 st sektioner) som redan har f\u00e5tt g\u00f6dsling och st\u00e4nger av de delarna som inte beh\u00f6ver mer. P\u00e5 s\u00e5 s\u00e4tt minimeras \u00f6verlapp och \u00f6verg\u00f6dsling. Detta sparar pengar och minimerar \u00e4ven liggs\u00e4d och andra problem med produktionen.<\/p><\/div><\/div>\t\t\t\t<\/div>\n\t\t\t\t<\/div>\n\t\t\t\t<div class=\"elementor-element elementor-element-5ce5a96c elementor-pagination-position-outside elementor-widget elementor-widget-image-carousel\" data-id=\"5ce5a96c\" data-element_type=\"widget\" data-e-type=\"widget\" data-settings=\"{&quot;slides_to_show&quot;:&quot;3&quot;,&quot;slides_to_scroll&quot;:&quot;3&quot;,&quot;navigation&quot;:&quot;dots&quot;,&quot;slides_to_show_tablet&quot;:&quot;2&quot;,&quot;slides_to_show_mobile&quot;:&quot;1&quot;,&quot;autoplay&quot;:&quot;no&quot;,&quot;infinite&quot;:&quot;yes&quot;,&quot;speed&quot;:500,&quot;image_spacing_custom&quot;:{&quot;unit&quot;:&quot;px&quot;,&quot;size&quot;:20,&quot;sizes&quot;:[]},&quot;image_spacing_custom_tablet&quot;:{&quot;unit&quot;:&quot;px&quot;,&quot;size&quot;:&quot;&quot;,&quot;sizes&quot;:[]}}\" data-widget_type=\"image-carousel.default\">\n\t\t\t\t<div class=\"elementor-widget-container\">\n\t\t\t\t\t\t\t<div class=\"elementor-image-carousel-wrapper swiper\" role=\"region\" aria-roledescription=\"carousel\" aria-label=\"Bildkarusell\" dir=\"ltr\">\n\t\t\t<div class=\"elementor-image-carousel swiper-wrapper swiper-image-stretch\" aria-live=\"polite\">\n\t\t\t\t\t\t\t\t<div class=\"swiper-slide\" role=\"group\" aria-roledescription=\"slide\" aria-label=\"1 av 4\"><figure class=\"swiper-slide-inner\"><img decoding=\"async\" class=\"swiper-slide-image\" src=\"https:\/\/www.gastgivars.ax\/wp-content\/uploads\/elementor\/thumbs\/at.farm_-otvhcmjgfj4h132pc376wh1gektpbrtsp145x8xo68.jpg\" alt=\"at.farm\" \/><\/figure><\/div><div class=\"swiper-slide\" role=\"group\" aria-roledescription=\"slide\" aria-label=\"2 av 4\"><figure class=\"swiper-slide-inner\"><img decoding=\"async\" class=\"swiper-slide-image\" src=\"https:\/\/www.gastgivars.ax\/wp-content\/uploads\/elementor\/thumbs\/IMG_1025-scaled-1-1-otufwhioarmfazbmiuj8866ginmsfut2ccylt9u2e8.jpg\" alt=\"IMG_1025-scaled-1\" \/><\/figure><\/div><div class=\"swiper-slide\" role=\"group\" aria-roledescription=\"slide\" aria-label=\"3 av 4\"><figure class=\"swiper-slide-inner\"><img decoding=\"async\" class=\"swiper-slide-image\" src=\"https:\/\/www.gastgivars.ax\/wp-content\/uploads\/elementor\/thumbs\/IMG_3447-otsvdf1zlprmvvdfw6fiuppg4i85b1q5vpfmsj91uo.jpg\" alt=\"IMG_3447\" \/><\/figure><\/div><div class=\"swiper-slide\" role=\"group\" aria-roledescription=\"slide\" aria-label=\"4 av 4\"><figure class=\"swiper-slide-inner\"><img decoding=\"async\" class=\"swiper-slide-image\" src=\"https:\/\/www.gastgivars.ax\/wp-content\/uploads\/elementor\/thumbs\/IMG_4404-scaled-otsv5535f8fqnhe983mseawbtd0sizv92qmpntiun4.jpg\" alt=\"IMG_4404\" \/><\/figure><\/div>\t\t\t<\/div>\n\t\t\t\t\t\t\t\n\t\t\t\t\t\t\t\t\t<div class=\"swiper-pagination\"><\/div>\n\t\t\t\t\t\t\t\t\t<\/div>\n\t\t\t\t\t\t<\/div>\n\t\t\t\t<\/div>\n\t\t\t\t\t<\/div>\n\t\t<\/div>\n\t\t\t\t\t<\/div>\n\t\t<\/section>\n\t\t\t\t<\/div>\n\t\t","protected":false},"excerpt":{"rendered":"<p>G\u00f6dsling Tj\u00e4nster G\u00f6dselspridning F\u00f6r att garantera att tillv\u00e4xten i gr\u00f6dan blir j\u00e4mn och bra p\u00e5 hela f\u00e4ltet s\u00e5 beh\u00f6ver man anv\u00e4nda b\u00e5de sektionsavst\u00e4ngning och variabel giva vid spridning av konstg\u00f6dsel. Sektionsavst\u00e4ngningen anv\u00e4nder GPS f\u00f6r att minimera \u00f6verlapp och glapp i spridningen och en variabel giva anv\u00e4nder sk\u00f6rdekartering eller biomassa m\u00e4tning f\u00f6r att avg\u00f6ra vilka delar [&hellip;]<\/p>\n","protected":false},"author":1,"featured_media":0,"parent":0,"menu_order":0,"comment_status":"closed","ping_status":"closed","template":"","meta":{"_monsterinsights_skip_tracking":false,"_monsterinsights_sitenote_active":false,"_monsterinsights_sitenote_note":"","_monsterinsights_sitenote_category":0,"site-sidebar-layout":"no-sidebar","site-content-layout":"page-builder","ast-site-content-layout":"full-width-container","site-content-style":"unboxed","site-sidebar-style":"unboxed","ast-global-header-display":"","ast-banner-title-visibility":"","ast-main-header-display":"","ast-hfb-above-header-display":"","ast-hfb-below-header-display":"","ast-hfb-mobile-header-display":"","site-post-title":"disabled","ast-breadcrumbs-content":"","ast-featured-img":"disabled","footer-sml-layout":"","ast-disable-related-posts":"","theme-transparent-header-meta":"default","adv-header-id-meta":"","stick-header-meta":"","header-above-stick-meta":"","header-main-stick-meta":"","header-below-stick-meta":"","astra-migrate-meta-layouts":"set","ast-page-background-enabled":"default","ast-page-background-meta":{"desktop":{"background-color":"","background-image":"","background-repeat":"repeat","background-position":"center center","background-size":"auto","background-attachment":"scroll","background-type":"","background-media":"","overlay-type":"","overlay-color":"","overlay-opacity":"","overlay-gradient":""},"tablet":{"background-color":"","background-image":"","background-repeat":"repeat","background-position":"center center","background-size":"auto","background-attachment":"scroll","background-type":"","background-media":"","overlay-type":"","overlay-color":"","overlay-opacity":"","overlay-gradient":""},"mobile":{"background-color":"","background-image":"","background-repeat":"repeat","background-position":"center center","background-size":"auto","background-attachment":"scroll","background-type":"","background-media":"","overlay-type":"","overlay-color":"","overlay-opacity":"","overlay-gradient":""}},"ast-content-background-meta":{"desktop":{"background-color":"var(--ast-global-color-5)","background-image":"","background-repeat":"repeat","background-position":"center center","background-size":"auto","background-attachment":"scroll","background-type":"","background-media":"","overlay-type":"","overlay-color":"","overlay-opacity":"","overlay-gradient":""},"tablet":{"background-color":"var(--ast-global-color-5)","background-image":"","background-repeat":"repeat","background-position":"center center","background-size":"auto","background-attachment":"scroll","background-type":"","background-media":"","overlay-type":"","overlay-color":"","overlay-opacity":"","overlay-gradient":""},"mobile":{"background-color":"var(--ast-global-color-5)","background-image":"","background-repeat":"repeat","background-position":"center center","background-size":"auto","background-attachment":"scroll","background-type":"","background-media":"","overlay-type":"","overlay-color":"","overlay-opacity":"","overlay-gradient":""}},"footnotes":""},"class_list":["post-677","page","type-page","status-publish","hentry"],"aioseo_notices":[],"_links":{"self":[{"href":"https:\/\/www.gastgivars.ax\/index.php\/wp-json\/wp\/v2\/pages\/677","targetHints":{"allow":["GET"]}}],"collection":[{"href":"https:\/\/www.gastgivars.ax\/index.php\/wp-json\/wp\/v2\/pages"}],"about":[{"href":"https:\/\/www.gastgivars.ax\/index.php\/wp-json\/wp\/v2\/types\/page"}],"author":[{"embeddable":true,"href":"https:\/\/www.gastgivars.ax\/index.php\/wp-json\/wp\/v2\/users\/1"}],"replies":[{"embeddable":true,"href":"https:\/\/www.gastgivars.ax\/index.php\/wp-json\/wp\/v2\/comments?post=677"}],"version-history":[{"count":13,"href":"https:\/\/www.gastgivars.ax\/index.php\/wp-json\/wp\/v2\/pages\/677\/revisions"}],"predecessor-version":[{"id":1056,"href":"https:\/\/www.gastgivars.ax\/index.php\/wp-json\/wp\/v2\/pages\/677\/revisions\/1056"}],"wp:attachment":[{"href":"https:\/\/www.gastgivars.ax\/index.php\/wp-json\/wp\/v2\/media?parent=677"}],"curies":[{"name":"wp","href":"https:\/\/api.w.org\/{rel}","templated":true}]}}