{"id":806,"date":"2020-12-27T13:57:00","date_gmt":"2020-12-27T11:57:00","guid":{"rendered":"https:\/\/www.gastgivars.ax\/?page_id=806"},"modified":"2024-01-05T07:59:37","modified_gmt":"2024-01-05T05:59:37","slug":"spannmalodling","status":"publish","type":"page","link":"https:\/\/www.gastgivars.ax\/index.php\/spannmalodling\/","title":{"rendered":"Spannm\u00e5lsolding"},"content":{"rendered":"\t\t<div data-elementor-type=\"wp-page\" data-elementor-id=\"806\" class=\"elementor elementor-806\">\n\t\t\t\t\t\t<section class=\"elementor-section elementor-top-section elementor-element elementor-element-5d7893d4 elementor-section-boxed elementor-section-height-default elementor-section-height-default\" data-id=\"5d7893d4\" data-element_type=\"section\" data-e-type=\"section\" data-settings=\"{&quot;background_background&quot;:&quot;classic&quot;}\">\n\t\t\t\t\t\t\t<div class=\"elementor-background-overlay\"><\/div>\n\t\t\t\t\t\t\t<div class=\"elementor-container elementor-column-gap-default\">\n\t\t\t\t\t<div class=\"elementor-column elementor-col-33 elementor-top-column elementor-element elementor-element-38dbac46\" data-id=\"38dbac46\" data-element_type=\"column\" data-e-type=\"column\">\n\t\t\t<div class=\"elementor-widget-wrap\">\n\t\t\t\t\t\t\t<\/div>\n\t\t<\/div>\n\t\t\t\t<div class=\"elementor-column elementor-col-33 elementor-top-column elementor-element elementor-element-f133df9\" data-id=\"f133df9\" data-element_type=\"column\" data-e-type=\"column\">\n\t\t\t<div class=\"elementor-widget-wrap elementor-element-populated\">\n\t\t\t\t\t\t<div class=\"elementor-element elementor-element-2e784f16 elementor-widget elementor-widget-heading\" data-id=\"2e784f16\" data-element_type=\"widget\" data-e-type=\"widget\" data-widget_type=\"heading.default\">\n\t\t\t\t<div class=\"elementor-widget-container\">\n\t\t\t\t\t<h1 class=\"elementor-heading-title elementor-size-default\">Har ni spannm\u00e5l i v\u00e4xtf\u00f6ljden?<\/h1>\t\t\t\t<\/div>\n\t\t\t\t<\/div>\n\t\t\t\t\t<\/div>\n\t\t<\/div>\n\t\t\t\t<div class=\"elementor-column elementor-col-33 elementor-top-column elementor-element elementor-element-695239d7\" data-id=\"695239d7\" data-element_type=\"column\" data-e-type=\"column\">\n\t\t\t<div class=\"elementor-widget-wrap\">\n\t\t\t\t\t\t\t<\/div>\n\t\t<\/div>\n\t\t\t\t\t<\/div>\n\t\t<\/section>\n\t\t\t\t<section class=\"elementor-section elementor-top-section elementor-element elementor-element-39c6a31b elementor-section-content-middle elementor-section-boxed elementor-section-height-default elementor-section-height-default\" data-id=\"39c6a31b\" data-element_type=\"section\" data-e-type=\"section\" data-settings=\"{&quot;background_background&quot;:&quot;classic&quot;}\">\n\t\t\t\t\t\t\t<div class=\"elementor-background-overlay\"><\/div>\n\t\t\t\t\t\t\t<div class=\"elementor-container elementor-column-gap-no\">\n\t\t\t\t\t<div class=\"elementor-column elementor-col-100 elementor-top-column elementor-element elementor-element-5e56049b\" data-id=\"5e56049b\" data-element_type=\"column\" data-e-type=\"column\">\n\t\t\t<div class=\"elementor-widget-wrap elementor-element-populated\">\n\t\t\t\t\t\t<section class=\"elementor-section elementor-inner-section elementor-element elementor-element-424cdd7e elementor-section-boxed elementor-section-height-default elementor-section-height-default\" data-id=\"424cdd7e\" data-element_type=\"section\" data-e-type=\"section\">\n\t\t\t\t\t\t<div class=\"elementor-container elementor-column-gap-default\">\n\t\t\t\t\t<div class=\"elementor-column elementor-col-50 elementor-inner-column elementor-element elementor-element-5b796329\" data-id=\"5b796329\" data-element_type=\"column\" data-e-type=\"column\">\n\t\t\t<div class=\"elementor-widget-wrap elementor-element-populated\">\n\t\t\t\t\t\t<div class=\"elementor-element elementor-element-36fb8550 elementor-widget elementor-widget-heading\" data-id=\"36fb8550\" data-element_type=\"widget\" data-e-type=\"widget\" data-widget_type=\"heading.default\">\n\t\t\t\t<div class=\"elementor-widget-container\">\n\t\t\t\t\t<h6 class=\"elementor-heading-title elementor-size-default\">Tj\u00e4nster<\/h6>\t\t\t\t<\/div>\n\t\t\t\t<\/div>\n\t\t\t\t\t<\/div>\n\t\t<\/div>\n\t\t\t\t<div class=\"elementor-column elementor-col-50 elementor-inner-column elementor-element elementor-element-5ff22767\" data-id=\"5ff22767\" data-element_type=\"column\" data-e-type=\"column\">\n\t\t\t<div class=\"elementor-widget-wrap elementor-element-populated\">\n\t\t\t\t\t\t<div class=\"elementor-element elementor-element-38720cb9 elementor-widget-divider--view-line elementor-widget elementor-widget-divider\" data-id=\"38720cb9\" data-element_type=\"widget\" data-e-type=\"widget\" data-widget_type=\"divider.default\">\n\t\t\t\t<div class=\"elementor-widget-container\">\n\t\t\t\t\t\t\t<div class=\"elementor-divider\">\n\t\t\t<span class=\"elementor-divider-separator\">\n\t\t\t\t\t\t<\/span>\n\t\t<\/div>\n\t\t\t\t\t\t<\/div>\n\t\t\t\t<\/div>\n\t\t\t\t\t<\/div>\n\t\t<\/div>\n\t\t\t\t\t<\/div>\n\t\t<\/section>\n\t\t\t\t<div class=\"elementor-element elementor-element-5320aa14 elementor-widget elementor-widget-heading\" data-id=\"5320aa14\" data-element_type=\"widget\" data-e-type=\"widget\" data-widget_type=\"heading.default\">\n\t\t\t\t<div class=\"elementor-widget-container\">\n\t\t\t\t\t<h2 class=\"elementor-heading-title elementor-size-default\">Har ni spannm\u00e5l i v\u00e4xtf\u00f6ljden?<\/h2>\t\t\t\t<\/div>\n\t\t\t\t<\/div>\n\t\t\t\t<section class=\"elementor-section elementor-inner-section elementor-element elementor-element-68c480df elementor-section-boxed elementor-section-height-default elementor-section-height-default\" data-id=\"68c480df\" data-element_type=\"section\" data-e-type=\"section\">\n\t\t\t\t\t\t<div class=\"elementor-container elementor-column-gap-default\">\n\t\t\t\t\t<div class=\"elementor-column elementor-col-66 elementor-inner-column elementor-element elementor-element-729705f4\" data-id=\"729705f4\" data-element_type=\"column\" data-e-type=\"column\">\n\t\t\t<div class=\"elementor-widget-wrap elementor-element-populated\">\n\t\t\t\t\t\t<div class=\"elementor-element elementor-element-6bf25799 elementor-widget elementor-widget-text-editor\" data-id=\"6bf25799\" data-element_type=\"widget\" data-e-type=\"widget\" data-widget_type=\"text-editor.default\">\n\t\t\t\t<div class=\"elementor-widget-container\">\n\t\t\t\t\t\t\t\t\t<p>\u00c4r ni gr\u00f6nsaksodlare, potatisodlare eller odlar andra specialgr\u00f6dor och har spannm\u00e5l i v\u00e4xtf\u00f6ljden? Ni kanske har gjort stora investeringar i era prim\u00e4ra odlingar men m\u00e5ste \u00e4nd\u00e5 ha spannm\u00e5lsodling f\u00f6r v\u00e4xtf\u00f6ljden. D\u00e5 kan ofta spannm\u00e5lsodlingen vara ett problem om man saknar utrustning f\u00f6r att effektivt odla spannm\u00e5l?\u00a0<\/p><p>Vi kan hj\u00e4lpa Er med olika typer av l\u00f6sningar fr\u00e5n problemfri arrende, b\u00e5de p\u00e5 kort och l\u00e4ngre sikt men \u00e4ven andra l\u00f6sningar f\u00f6r odling och sk\u00f6rd. Vi kan s\u00e4kert hitta en bra l\u00f6sning f\u00f6r just Era behov.<\/p>\t\t\t\t\t\t\t\t<\/div>\n\t\t\t\t<\/div>\n\t\t\t\t\t<\/div>\n\t\t<\/div>\n\t\t\t\t<div class=\"elementor-column elementor-col-33 elementor-inner-column elementor-element elementor-element-5fef6080\" data-id=\"5fef6080\" data-element_type=\"column\" data-e-type=\"column\">\n\t\t\t<div class=\"elementor-widget-wrap elementor-element-populated\">\n\t\t\t\t\t\t<div class=\"elementor-element elementor-element-3332752 elementor-widget elementor-widget-video\" data-id=\"3332752\" data-element_type=\"widget\" data-e-type=\"widget\" data-settings=\"{&quot;youtube_url&quot;:&quot;https:\\\/\\\/www.youtube.com\\\/watch?v=wyP8ci1c43Y&amp;t=8s&quot;,&quot;autoplay&quot;:&quot;yes&quot;,&quot;mute&quot;:&quot;yes&quot;,&quot;loop&quot;:&quot;yes&quot;,&quot;video_type&quot;:&quot;youtube&quot;,&quot;controls&quot;:&quot;yes&quot;}\" data-widget_type=\"video.default\">\n\t\t\t\t<div class=\"elementor-widget-container\">\n\t\t\t\t\t\t\t<div class=\"elementor-wrapper elementor-open-inline\">\n\t\t\t<div class=\"elementor-video\"><\/div>\t\t<\/div>\n\t\t\t\t\t\t<\/div>\n\t\t\t\t<\/div>\n\t\t\t\t\t<\/div>\n\t\t<\/div>\n\t\t\t\t\t<\/div>\n\t\t<\/section>\n\t\t\t\t<div class=\"elementor-element elementor-element-a893357 elementor-widget-divider--view-line elementor-widget elementor-widget-divider\" data-id=\"a893357\" data-element_type=\"widget\" data-e-type=\"widget\" data-widget_type=\"divider.default\">\n\t\t\t\t<div class=\"elementor-widget-container\">\n\t\t\t\t\t\t\t<div class=\"elementor-divider\">\n\t\t\t<span class=\"elementor-divider-separator\">\n\t\t\t\t\t\t<\/span>\n\t\t<\/div>\n\t\t\t\t\t\t<\/div>\n\t\t\t\t<\/div>\n\t\t\t\t<div class=\"elementor-element elementor-element-0a9ea00 elementor-widget elementor-widget-heading\" data-id=\"0a9ea00\" data-element_type=\"widget\" data-e-type=\"widget\" data-widget_type=\"heading.default\">\n\t\t\t\t<div class=\"elementor-widget-container\">\n\t\t\t\t\t<h4 class=\"elementor-heading-title elementor-size-default\">Alternativ<\/h4>\t\t\t\t<\/div>\n\t\t\t\t<\/div>\n\t\t\t\t<div class=\"elementor-element elementor-element-164a53cb elementor-position-left elementor-vertical-align-top elementor-widget elementor-widget-image-box\" data-id=\"164a53cb\" data-element_type=\"widget\" data-e-type=\"widget\" data-widget_type=\"image-box.default\">\n\t\t\t\t<div class=\"elementor-widget-container\">\n\t\t\t\t\t<div class=\"elementor-image-box-wrapper\"><figure class=\"elementor-image-box-img\"><img fetchpriority=\"high\" decoding=\"async\" width=\"1920\" height=\"1083\" src=\"https:\/\/www.gastgivars.ax\/wp-content\/uploads\/2020\/11\/countryside-2326787_1920.jpg\" class=\"attachment-full size-full wp-image-749\" alt=\"\" srcset=\"https:\/\/www.gastgivars.ax\/wp-content\/uploads\/2020\/11\/countryside-2326787_1920.jpg 1920w, https:\/\/www.gastgivars.ax\/wp-content\/uploads\/2020\/11\/countryside-2326787_1920-300x169.jpg 300w, https:\/\/www.gastgivars.ax\/wp-content\/uploads\/2020\/11\/countryside-2326787_1920-1024x578.jpg 1024w, https:\/\/www.gastgivars.ax\/wp-content\/uploads\/2020\/11\/countryside-2326787_1920-768x433.jpg 768w, https:\/\/www.gastgivars.ax\/wp-content\/uploads\/2020\/11\/countryside-2326787_1920-1536x866.jpg 1536w\" sizes=\"(max-width: 1920px) 100vw, 1920px\" \/><\/figure><div class=\"elementor-image-box-content\"><h4 class=\"elementor-image-box-title\">L\u00e5ngtidsarrende<\/h4><p class=\"elementor-image-box-description\">Vi arrenderar er mark p\u00e5 l\u00e4ngre tid f\u00f6r odling p\u00e5 er g\u00e5rd. Vi tar ett helt ansvar f\u00f6r odlingen i ett l\u00e4ngre tidsperspektiv. Ger ekonomisk trygghet och l\u00e5nsiktighet.<\/p><\/div><\/div>\t\t\t\t<\/div>\n\t\t\t\t<\/div>\n\t\t\t\t<div class=\"elementor-element elementor-element-42fd6be5 elementor-position-left elementor-vertical-align-top elementor-widget elementor-widget-image-box\" data-id=\"42fd6be5\" data-element_type=\"widget\" data-e-type=\"widget\" data-widget_type=\"image-box.default\">\n\t\t\t\t<div class=\"elementor-widget-container\">\n\t\t\t\t\t<div class=\"elementor-image-box-wrapper\"><figure class=\"elementor-image-box-img\"><img decoding=\"async\" width=\"2560\" height=\"1440\" src=\"https:\/\/www.gastgivars.ax\/wp-content\/uploads\/2020\/08\/IMG_2226.jpg\" class=\"attachment-full size-full wp-image-656\" alt=\"\" srcset=\"https:\/\/www.gastgivars.ax\/wp-content\/uploads\/2020\/08\/IMG_2226.jpg 2560w, https:\/\/www.gastgivars.ax\/wp-content\/uploads\/2020\/08\/IMG_2226-300x169.jpg 300w, https:\/\/www.gastgivars.ax\/wp-content\/uploads\/2020\/08\/IMG_2226-1024x576.jpg 1024w, https:\/\/www.gastgivars.ax\/wp-content\/uploads\/2020\/08\/IMG_2226-768x432.jpg 768w, https:\/\/www.gastgivars.ax\/wp-content\/uploads\/2020\/08\/IMG_2226-1536x864.jpg 1536w, https:\/\/www.gastgivars.ax\/wp-content\/uploads\/2020\/08\/IMG_2226-2048x1152.jpg 2048w\" sizes=\"(max-width: 2560px) 100vw, 2560px\" \/><\/figure><div class=\"elementor-image-box-content\"><h4 class=\"elementor-image-box-title\">Korttidsarrende<\/h4><p class=\"elementor-image-box-description\">Vi arrenderar \u00e5krar eller skiften f\u00f6r kortare tid som ing\u00e5r i den rotation ni har f\u00f6r v\u00e4xtf\u00f6ljden p\u00e5 er g\u00e5rd. <br>Vi tar ansvar f\u00f6r hela odlingen fr\u00e5n s\u00e5dd till sk\u00f6rd och avsalu f\u00f6r spannm\u00e5lsodlingen. Efter avtalet slut s\u00e5 \u00e5terg\u00e5r \u00e5kern\/\u00e5krarna till er normala odling alternativt s\u00e5 byts skiften.<\/p><\/div><\/div>\t\t\t\t<\/div>\n\t\t\t\t<\/div>\n\t\t\t\t<div class=\"elementor-element elementor-element-53873218 elementor-position-left elementor-vertical-align-top elementor-widget elementor-widget-image-box\" data-id=\"53873218\" data-element_type=\"widget\" data-e-type=\"widget\" data-widget_type=\"image-box.default\">\n\t\t\t\t<div class=\"elementor-widget-container\">\n\t\t\t\t\t<div class=\"elementor-image-box-wrapper\"><figure class=\"elementor-image-box-img\"><img decoding=\"async\" width=\"1864\" height=\"1209\" src=\"https:\/\/www.gastgivars.ax\/wp-content\/uploads\/2020\/08\/at.farm_.jpg\" class=\"attachment-full size-full wp-image-683\" alt=\"\" srcset=\"https:\/\/www.gastgivars.ax\/wp-content\/uploads\/2020\/08\/at.farm_.jpg 1864w, https:\/\/www.gastgivars.ax\/wp-content\/uploads\/2020\/08\/at.farm_-300x195.jpg 300w, https:\/\/www.gastgivars.ax\/wp-content\/uploads\/2020\/08\/at.farm_-1024x664.jpg 1024w, https:\/\/www.gastgivars.ax\/wp-content\/uploads\/2020\/08\/at.farm_-768x498.jpg 768w, https:\/\/www.gastgivars.ax\/wp-content\/uploads\/2020\/08\/at.farm_-1536x996.jpg 1536w\" sizes=\"(max-width: 1864px) 100vw, 1864px\" \/><\/figure><div class=\"elementor-image-box-content\"><h4 class=\"elementor-image-box-title\">Entreprenad<\/h4><p class=\"elementor-image-box-description\">Vill ni sj\u00e4lva ha ansvaret f\u00f6r odlingen kan vi hj\u00e4lpa till med att effektivera arbetet. Vi kan hj\u00e4lpa till med det flesta viktiga maskin intensiva delarna under odlingss\u00e4songen. Vi har \u00e4ven teknik f\u00f6r att m\u00e4ta g\u00f6dningsbehov och sprida g\u00f6dsel enligt gr\u00f6dans specifika behov vid varje givet tillf\u00e4lle.<br><\/p><\/div><\/div>\t\t\t\t<\/div>\n\t\t\t\t<\/div>\n\t\t\t\t<section class=\"elementor-section elementor-inner-section elementor-element elementor-element-61f9613 elementor-section-full_width elementor-section-height-default elementor-section-height-default\" data-id=\"61f9613\" data-element_type=\"section\" data-e-type=\"section\" data-settings=\"{&quot;background_background&quot;:&quot;classic&quot;}\">\n\t\t\t\t\t\t<div class=\"elementor-container elementor-column-gap-default\">\n\t\t\t\t\t<div class=\"elementor-column elementor-col-66 elementor-inner-column elementor-element elementor-element-c4fb26b\" data-id=\"c4fb26b\" data-element_type=\"column\" data-e-type=\"column\">\n\t\t\t<div class=\"elementor-widget-wrap elementor-element-populated\">\n\t\t\t\t\t\t<div class=\"elementor-element elementor-element-c848a8d elementor-widget elementor-widget-text-editor\" data-id=\"c848a8d\" data-element_type=\"widget\" data-e-type=\"widget\" data-widget_type=\"text-editor.default\">\n\t\t\t\t<div class=\"elementor-widget-container\">\n\t\t\t\t\t\t\t\t\t<p>H\u00f6r g\u00e4rna av er f\u00f6r en diskussion om hur vi kan l\u00e4gga upp n\u00e5got som skulle passa er verksamhet. Sl\u00e5 en signal eller skicka ett meddelande, v\u00e5ra kontaktuppgifter finns p\u00e5 kontakt sidan.\u00a0<\/p>\t\t\t\t\t\t\t\t<\/div>\n\t\t\t\t<\/div>\n\t\t\t\t<div class=\"elementor-element elementor-element-5262c1e elementor-align-center elementor-widget elementor-widget-button\" data-id=\"5262c1e\" data-element_type=\"widget\" data-e-type=\"widget\" data-widget_type=\"button.default\">\n\t\t\t\t<div class=\"elementor-widget-container\">\n\t\t\t\t\t\t\t\t\t<div class=\"elementor-button-wrapper\">\n\t\t\t\t\t<a class=\"elementor-button elementor-button-link elementor-size-sm\" href=\"\/index.php\/contact-2\/\">\n\t\t\t\t\t\t<span class=\"elementor-button-content-wrapper\">\n\t\t\t\t\t\t\t\t\t<span class=\"elementor-button-text\">Ta kontakt<\/span>\n\t\t\t\t\t<\/span>\n\t\t\t\t\t<\/a>\n\t\t\t\t<\/div>\n\t\t\t\t\t\t\t\t<\/div>\n\t\t\t\t<\/div>\n\t\t\t\t\t<\/div>\n\t\t<\/div>\n\t\t\t\t<div class=\"elementor-column elementor-col-33 elementor-inner-column elementor-element elementor-element-f146dea\" data-id=\"f146dea\" data-element_type=\"column\" data-e-type=\"column\">\n\t\t\t<div class=\"elementor-widget-wrap\">\n\t\t\t\t\t\t\t<\/div>\n\t\t<\/div>\n\t\t\t\t\t<\/div>\n\t\t<\/section>\n\t\t\t\t<div class=\"elementor-element elementor-element-57c197ae elementor-pagination-position-outside elementor-widget elementor-widget-image-carousel\" data-id=\"57c197ae\" data-element_type=\"widget\" data-e-type=\"widget\" data-settings=\"{&quot;slides_to_show&quot;:&quot;3&quot;,&quot;slides_to_scroll&quot;:&quot;3&quot;,&quot;navigation&quot;:&quot;dots&quot;,&quot;slides_to_show_tablet&quot;:&quot;2&quot;,&quot;slides_to_show_mobile&quot;:&quot;1&quot;,&quot;autoplay&quot;:&quot;no&quot;,&quot;infinite&quot;:&quot;yes&quot;,&quot;speed&quot;:500,&quot;image_spacing_custom&quot;:{&quot;unit&quot;:&quot;px&quot;,&quot;size&quot;:20,&quot;sizes&quot;:[]},&quot;image_spacing_custom_tablet&quot;:{&quot;unit&quot;:&quot;px&quot;,&quot;size&quot;:&quot;&quot;,&quot;sizes&quot;:[]}}\" data-widget_type=\"image-carousel.default\">\n\t\t\t\t<div class=\"elementor-widget-container\">\n\t\t\t\t\t\t\t<div class=\"elementor-image-carousel-wrapper swiper\" role=\"region\" aria-roledescription=\"carousel\" aria-label=\"Bildkarusell\" dir=\"ltr\">\n\t\t\t<div class=\"elementor-image-carousel swiper-wrapper swiper-image-stretch\" aria-live=\"polite\">\n\t\t\t\t\t\t\t\t<div class=\"swiper-slide\" role=\"group\" aria-roledescription=\"slide\" aria-label=\"1 av 3\"><figure class=\"swiper-slide-inner\"><img decoding=\"async\" class=\"swiper-slide-image\" src=\"https:\/\/www.gastgivars.ax\/wp-content\/uploads\/elementor\/thumbs\/IMG_2989-scaled-otj9dc6f78bfhl6lbe83wctc3c7ig6z4ecke6nh7so.jpg\" alt=\"IMG_2989\" \/><\/figure><\/div><div class=\"swiper-slide\" role=\"group\" aria-roledescription=\"slide\" aria-label=\"2 av 3\"><figure class=\"swiper-slide-inner\"><img decoding=\"async\" class=\"swiper-slide-image\" src=\"https:\/\/www.gastgivars.ax\/wp-content\/uploads\/elementor\/thumbs\/IMG_0011-otso7lvl3ktu1kikznwtfny282hots9ci6dg5ezdfc.jpg\" alt=\"IMG_0011.jpg\" \/><\/figure><\/div><div class=\"swiper-slide\" role=\"group\" aria-roledescription=\"slide\" aria-label=\"3 av 3\"><figure class=\"swiper-slide-inner\"><img decoding=\"async\" class=\"swiper-slide-image\" src=\"https:\/\/www.gastgivars.ax\/wp-content\/uploads\/elementor\/thumbs\/p6r5-otwwobuatgh2ptubpozmq3splva6up3ostoz3estyw.jpg\" alt=\"p6r5\" \/><\/figure><\/div>\t\t\t<\/div>\n\t\t\t\t\t\t\t\n\t\t\t\t\t\t\t\t\t<div class=\"swiper-pagination\"><\/div>\n\t\t\t\t\t\t\t\t\t<\/div>\n\t\t\t\t\t\t<\/div>\n\t\t\t\t<\/div>\n\t\t\t\t\t<\/div>\n\t\t<\/div>\n\t\t\t\t\t<\/div>\n\t\t<\/section>\n\t\t\t\t<\/div>\n\t\t","protected":false},"excerpt":{"rendered":"<p>Har ni spannm\u00e5l i v\u00e4xtf\u00f6ljden? Tj\u00e4nster Har ni spannm\u00e5l i v\u00e4xtf\u00f6ljden? \u00c4r ni gr\u00f6nsaksodlare, potatisodlare eller odlar andra specialgr\u00f6dor och har spannm\u00e5l i v\u00e4xtf\u00f6ljden? Ni kanske har gjort stora investeringar i era prim\u00e4ra odlingar men m\u00e5ste \u00e4nd\u00e5 ha spannm\u00e5lsodling f\u00f6r v\u00e4xtf\u00f6ljden. D\u00e5 kan ofta spannm\u00e5lsodlingen vara ett problem om man saknar utrustning f\u00f6r att effektivt [&hellip;]<\/p>\n","protected":false},"author":1,"featured_media":0,"parent":0,"menu_order":0,"comment_status":"closed","ping_status":"closed","template":"","meta":{"_monsterinsights_skip_tracking":false,"_monsterinsights_sitenote_active":false,"_monsterinsights_sitenote_note":"","_monsterinsights_sitenote_category":0,"site-sidebar-layout":"no-sidebar","site-content-layout":"page-builder","ast-site-content-layout":"full-width-container","site-content-style":"unboxed","site-sidebar-style":"unboxed","ast-global-header-display":"","ast-banner-title-visibility":"","ast-main-header-display":"","ast-hfb-above-header-display":"","ast-hfb-below-header-display":"","ast-hfb-mobile-header-display":"","site-post-title":"disabled","ast-breadcrumbs-content":"","ast-featured-img":"disabled","footer-sml-layout":"","ast-disable-related-posts":"","theme-transparent-header-meta":"default","adv-header-id-meta":"","stick-header-meta":"","header-above-stick-meta":"","header-main-stick-meta":"","header-below-stick-meta":"","astra-migrate-meta-layouts":"set","ast-page-background-enabled":"default","ast-page-background-meta":{"desktop":{"background-color":"","background-image":"","background-repeat":"repeat","background-position":"center center","background-size":"auto","background-attachment":"scroll","background-type":"","background-media":"","overlay-type":"","overlay-color":"","overlay-opacity":"","overlay-gradient":""},"tablet":{"background-color":"","background-image":"","background-repeat":"repeat","background-position":"center center","background-size":"auto","background-attachment":"scroll","background-type":"","background-media":"","overlay-type":"","overlay-color":"","overlay-opacity":"","overlay-gradient":""},"mobile":{"background-color":"","background-image":"","background-repeat":"repeat","background-position":"center center","background-size":"auto","background-attachment":"scroll","background-type":"","background-media":"","overlay-type":"","overlay-color":"","overlay-opacity":"","overlay-gradient":""}},"ast-content-background-meta":{"desktop":{"background-color":"var(--ast-global-color-5)","background-image":"","background-repeat":"repeat","background-position":"center center","background-size":"auto","background-attachment":"scroll","background-type":"","background-media":"","overlay-type":"","overlay-color":"","overlay-opacity":"","overlay-gradient":""},"tablet":{"background-color":"var(--ast-global-color-5)","background-image":"","background-repeat":"repeat","background-position":"center center","background-size":"auto","background-attachment":"scroll","background-type":"","background-media":"","overlay-type":"","overlay-color":"","overlay-opacity":"","overlay-gradient":""},"mobile":{"background-color":"var(--ast-global-color-5)","background-image":"","background-repeat":"repeat","background-position":"center center","background-size":"auto","background-attachment":"scroll","background-type":"","background-media":"","overlay-type":"","overlay-color":"","overlay-opacity":"","overlay-gradient":""}},"footnotes":""},"class_list":["post-806","page","type-page","status-publish","hentry"],"aioseo_notices":[],"_links":{"self":[{"href":"https:\/\/www.gastgivars.ax\/index.php\/wp-json\/wp\/v2\/pages\/806","targetHints":{"allow":["GET"]}}],"collection":[{"href":"https:\/\/www.gastgivars.ax\/index.php\/wp-json\/wp\/v2\/pages"}],"about":[{"href":"https:\/\/www.gastgivars.ax\/index.php\/wp-json\/wp\/v2\/types\/page"}],"author":[{"embeddable":true,"href":"https:\/\/www.gastgivars.ax\/index.php\/wp-json\/wp\/v2\/users\/1"}],"replies":[{"embeddable":true,"href":"https:\/\/www.gastgivars.ax\/index.php\/wp-json\/wp\/v2\/comments?post=806"}],"version-history":[{"count":45,"href":"https:\/\/www.gastgivars.ax\/index.php\/wp-json\/wp\/v2\/pages\/806\/revisions"}],"predecessor-version":[{"id":1059,"href":"https:\/\/www.gastgivars.ax\/index.php\/wp-json\/wp\/v2\/pages\/806\/revisions\/1059"}],"wp:attachment":[{"href":"https:\/\/www.gastgivars.ax\/index.php\/wp-json\/wp\/v2\/media?parent=806"}],"curies":[{"name":"wp","href":"https:\/\/api.w.org\/{rel}","templated":true}]}}